be b(h). Suppose -5 = -5*k, -2*c + l*c = -k - 17. What is the units digit of c?
9
Let x = -8053 + 14089. What is the tens digit of x?
3
Suppose -i + 2 = 0, z + 3*z = -i + 2. Suppose z = -3*g + 126 - 24. What is the tens digit of g?
3
Suppose -5*w + 15 = 0, 0*d + w = -4*d - 409. Let r = -40 - d. What is the tens digit of r?
6
Suppose -112 = -7*z + 84. Suppose -23 - 1 = -2*l + 2*y, 3*l - z = -y. What is the units digit of l?
0
Suppose l = 2*l - 4, -3*l + 22 = i. What is the units digit of 82 + -2*5/i?
1
Let y(k) = 10*k**2 + 11*k + 25. What is the units digit of y(15)?
0
What is the hundreds digit of 528*(10 - 143/52)?
8
Suppose 3*s + 15 = -5*l - 9, -3*s + 5*l + 6 = 0. Let x be (-154)/(-4) - s/2. Suppose 5*c + 0*c - x = 0. What is the units digit of c?
8
Let q(c) be the second derivative of c**4/12 + 7*c**3/6 - 6*c**2 - 11*c. What is the tens digit of q(-12)?
4
Let w = 174 + 29. What is the units digit of w?
3
Suppose 20 = -3*g + 56. Let u(l) = l**2 - 12*l + 20. What is the tens digit of u(g)?
2
Suppose f = 5*y - 2553, -2*f - 1625 + 4169 = 5*y. What is the units digit of y?
0
Let c be ((-67)/(-3) - -1)*(-7 - -1). What is the units digit of (31 + -28)*(c/(-3) - 0)?
0
Suppose -4*y + 5*o - o + 1356 = 0, y - 339 = -4*o. Suppose -h + 466 = 3*c, 0*c + y = 2*c - 5*h. What is the hundreds digit of c?
1
Suppose 0 = -6*h + 7*h - 37. Let f be (3 + -3 - h) + 2. What is the tens digit of (322/f)/(2/(-5))?
2
Let i = 22 + -22. Suppose -12*y + 8*y + 456 = i. What is the hundreds digit of y?
1
Suppose 3*l = 5*p, 3*p + 2*p = -2*l. Suppose l = 2*h + 3 - 195. What is the units digit of h?
6
Suppose -3 = -3*q + 6. Suppose -2*h = 2*h + 5*l + 224, h = -q*l - 56. What is the units digit of 10/(-45) + h/(-9)?
6
Let d(h) = -2*h**3 - 12*h**2 + 2*h - 7. Let g = 106 - 113. What is the tens digit of d(g)?
7
Let r(i) = -i**2 + i + 8. Let v be r(3). Suppose 3*j - 582 = -3*a, -3*j + 5*a + 960 = v*j. What is the hundreds digit of j?
1
Let p be 4/(-14) + ((-32950)/(-14))/(-5). Let c = p + 691. What is the units digit of c?
0
Let l(a) = 63*a + 12. Let o be l(-11). What is the units digit of 6/(-8) - o/12?
6
Suppose -4*g = -2*n, 0*n = -4*n - g + 9. Suppose -6 = -n*h - 4*z, 0*h + 5*h - z = 59. What is the units digit of h?
1
Suppose -2245 = -6*z - 643. What is the hundreds digit of z?
2
Let g(s) = s**2 + 3*s + 2. Let x be g(-2). Suppose -7*o + 41 + 29 = x. What is the tens digit of o?
1
Suppose -2*i - 2*g + 46 = 0, -3*g - 2*g = -5*i + 85. Suppose -25*w = -i*w. What is the tens digit of (w - 10)*(-15)/6?
2
Let t(b) = -85*b + 182. What is the hundreds digit of t(-16)?
5
Let i = 13 - -153. What is the units digit of i?
6
Let j be 34/4*(5 - -5). Suppose -23 - j = -4*i. Let p = i - 12. What is the tens digit of p?
1
What is the units digit of 1918/8 - (-37)/148?
0
Suppose 5*t - 77 = 158. Suppose -70 = 5*y - f - 185, 0 = y - 5*f - t. What is the tens digit of y?
2
Suppose -62 = 3*j - 4*w, -2*j + 3*w + 25 = -3*j. Let n = 66 + j. What is the tens digit of n?
4
Let y = 58 - 26. Suppose -j - y = -5*j. Let a(c) = 3*c + 15. What is the units digit of a(j)?
9
Let n = 99 + 5. Let b = 177 - n. What is the units digit of b?
3
Suppose t = -4*s + 6284, 4*s + 3*t + 7855 = 9*s. What is the units digit of s?
1
Suppose -2*n = 5*s - 772 - 11, 3*n = -s + 1168. What is the hundreds digit of n?
3
Let g(s) = 27*s**2 + 3*s - 3. Let q be g(3). Suppose 7*d = 395 + q. What is the tens digit of d?
9
Let w = 7 - 5. Suppose 4*h = 20, g + h = w*g - 7. Suppose -c + 33 = g. What is the tens digit of c?
2
Suppose -j - 2 - 2 = 0. Let k(u) = -4*u - 5. Let f be k(j). Suppose -a + 0*p - 3*p = -4, 4*p + f = a. What is the units digit of a?
7
Let l = -1 + 31. Suppose q + 2*q = l. What is the units digit of q?
0
Suppose 2086 = 12*r - 1718. What is the tens digit of r?
1
Let f = 209 + -189. What is the units digit of f?
0
Let w = -228 + 487. Let k = -173 + w. What is the units digit of k?
6
Suppose 2*i - 2*q + 346 = -2*i, 0 = -5*i + q - 425. Let g = i - -159. What is the units digit of g?
5
What is the tens digit of 44/(-132) + 518/6?
8
Suppose -5*s + 0*s = -9740. What is the thousands digit of s?
1
Let h be ((-7)/(-2))/(5*5/50). What is the tens digit of h + -12 + 53 + 1?
4
Suppose 0 = 5*f + 3*n - 0 + 2, -2*n = -3*f + 14. Let w be 1 + -1 - (0 - f). What is the units digit of (-3)/w*(-12 + 10)?
3
Suppose r - 1 = -3. Let h be (-2)/r*(2 - 0). Suppose 0 = -g - h*t + 14 + 14, -40 = -g - 5*t. What is the units digit of g?
0
Let n be 2/(1 + 1) + (-36)/12. What is the tens digit of 7/((-28)/(-152)) + n?
3
Let o = -115 + 82. What is the tens digit of (-1210)/o + (-4)/6?
3
Let p(v) = -4*v + 16. Let g be p(3). Suppose -g*a = c - 359, 0 = -5*a + 5*c + 137 + 293. What is the units digit of a?
9
Let g(y) = -y**3 - 27*y**2 - 26*y + 66. What is the units digit of g(-27)?
8
What is the hundreds digit of (-3875)/(-30) - 4/24?
1
Suppose -1740 = -4*d - 140. Suppose 5*p - p = d. What is the hundreds digit of p?
1
Let l(z) = z**2 + z - 3. Let m be l(-3). Suppose -m*q - 470 = -2*y, 4*y - 4*q - 928 = -q. What is the units digit of y?
9
Let c(d) = -3*d - 18. Let b be c(-12). Let w = -10 + b. Let z(l) = l**3 - 9*l**2 + 12*l - 3. What is the tens digit of z(w)?
2
What is the hundreds digit of 30/(-4)*27/(405/(-11010))?
5
What is the tens digit of (-4)/(-126)*-9 - 296/(-7)?
4
Let q be 1/((-305)/(-60) + -5). Suppose -2*p = -7*p + 75. Let x = p - q. What is the units digit of x?
3
What is the units digit of ((-9452)/(-51))/(3/(18/4))?
8
Suppose -5*d + 677 + 1701 = 3*w, w + 5*d - 796 = 0. What is the hundreds digit of w?
7
Let s(j) = -j + 2. Let q(a) = -a**3 + 6*a**2 - 4*a - 2. Let w be q(5). Suppose 2*z - 6 = -3*p - w, p = -3*z - 6. What is the units digit of s(z)?
5
Suppose -9*m + 15 = -4*m. Suppose -u - 20 = -4*w + 3*u, 0 = -5*w - m*u + 1. Suppose -w*i + 4*z + z + 43 = 0, 52 = 2*i - 2*z. What is the tens digit of i?
2
Suppose 0 = -3*b + 4*r - 218, 2*b + 176 = -6*r + r. What is the hundreds digit of b/(-26) - (1 - 106)?
1
Let j(u) = u**2 - 14*u + 1. Let d be j(14). Let n be d + (0 - 4 - -5). What is the tens digit of (5/(15/276))/n?
4
Suppose 5*s = 11*s - 312. Suppose 189 = 5*v + 3*q, -5*q - 217 = -5*v - s. What is the units digit of v?
6
Let a be (8/3)/((-2)/9). What is the units digit of (-1011)/a - (7/(-4) - -2)?
4
What is the thousands digit of (-36)/72*(-69)/(-6)*-188?
1
Let a = 16 - 14. Suppose -2*p - 4 = -4*y, a*p = -3*y + 5*p. Suppose y*w - 48 = -w. What is the tens digit of w?
1
Let s(d) = -d + 5. Let q = -38 + 58. Suppose -2*h - q = 2*h. What is the tens digit of s(h)?
1
Suppose 89*n = 40*n + 11564. What is the units digit of n?
6
Suppose z - 154 = -3*z - 5*t, -5*t = 3*z - 118. Suppose -z = -2*r - 2*v - 2*v, 5*v - 24 = -r. What is the tens digit of r?
1
Suppose -2*t = 4*u - 64 - 48, 4*t - 4*u = 248. Suppose -2*n = -0 - t. What is the tens digit of n?
3
Let h = -2312 + 6416. What is the hundreds digit of h?
1
Suppose -6 = -8*a + 5*a. Suppose 4*i - 21 = 3*v - 3, a*v + 2*i = -12. What is the units digit of 1/v + 2547/54?
7
Let f = -141 + 70. Let x = -41 - f. What is the units digit of x?
0
Suppose 0 = 6*r - 15*r. Suppose -5*v + 2*c + r*c = -592, 2*v + 5*c - 260 = 0. What is the tens digit of v?
2
Let t = -4084 - -7149. What is the tens digit of t?
6
Let d be 3 - (3 - (2 - -2)). What is the hundreds digit of ((-1)/d)/((-13)/(-5486))*-2?
2
Let f = -52 - -152. Suppose 4*d = 8, -7*d + f = 3*v - 5*d. What is the units digit of v?
2
Let u(i) = -40*i**3 - i + 1. Let d = 24 + -23. Let h be u(d). Let g = -27 - h. What is the tens digit of g?
1
Suppose 0 = 2*u - 3*l - l - 270, -3*l - 396 = -3*u. Let h = -77 + u. Let o = -14 + h. What is the units digit of o?
8
Let a be (-428)/(-28) - (-6)/(-21). Suppose a*u = 840 - 45. What is the units digit of u?
3
Suppose -2*w - 6 = 58. What is the units digit of 30/4*w/(-5)?
8
Suppose 37*s - 12776 = 29*s. What is the hundreds digit of s?
5
Suppose -2*i = 2*s - 0*s - 3886, 5*s - 5*i = 9735. What is the thousands digit of s?
1
Let o(l) = -76*l. What is the units digit of o(-15)?
0
Suppose f - 3*f + 6 = 0, -7*n = -4*f - 8843. What is the tens digit of n?
6
Let k(s) = 6 + 3*s**2 + 3*s**2 - 3*s**2 - 4*s + s**2. What is the units digit of k(2)?
4
Suppose -b - 4*s + 2 - 6 = 0, -2*b = -4*s - 16. Let v = b + 12. What is the t